1 - 9) + (9 - 4). Let d(s) = -7*s. Let t(c) = p*d(c) - 4*h(c). Give t(3).
1
Let u(l) = -4*l - 2. Let p(w) be the second derivative of 7*w**3/6 + w**2/2 - 113*w. Let k(a) = -3*p(a) - 2*u(a). Give k(-2).
27
Let x = 1765 + -1769. Let t(w) = 6 + w - 2 + w. Determine t(x).
-4
Suppose 2*q + 5*l = -175, 7 = 4*l - 13. Let p be 2/3 - q/30. Suppose 0 = u + y + 3, -3*u - 16 = -0*u - p*y. Let j(h) = h**2 - 2*h - 6. What is j(u)?
18
Let p be 48/60*(-55)/(-528). Let w(m) be the second derivative of 16*m + 5*m**2 + 1/6*m**3 + 0 - p*m**4. What is w(0)?
10
Suppose -4 = -2*c, 0 = 59*f - 63*f - 2*c + 48. Let l(n) = -19*n + n + f*n - 3 + 0. What is l(-3)?
18
Let v(w) = 421*w - 210*w - 212*w - 21. What is v(-11)?
-10
Let l(d) = -d**3 - 16*d**2 - 14*d + 15. Let n be l(-15). Let x(u) = -u**2 + 6*u**2 - 8 + 9*u + n*u - u**3 - u. Let f = 57 + -51. Calculate x(f).
4
Let x(u) be the second derivative of -u**5/20 + u**4/6 + 5*u**3/6 - 2*u**2 + 1302*u. Calculate x(-3).
26
Let o be ((-1)/(-2))/(2/(-12)). Let i(d) be the first derivative of 78 + 2*d**2 + 2*d + 1/3*d**3. Give i(o).
-1
Let c(j) be the first derivative of 73 + 2*j - 3/2*j**2 + 1/3*j**3. Determine c(3).
2
Let n(a) be the third derivative of 0*a - 1/30*a**5 - 1/12*a**4 + 104*a**2 - 1/2*a**3 + 0. Calculate n(3).
-27
Let z(v) = v**2 - 7*v - 1. Let s = -11 - 53. Let y = s - -69. Suppose 0 = -38*w + 37*w + y. Determine z(w).
-11
Let w(s) = -3*s + 7. Let f = 4447 - 4442. Let k(i) = i**2 + 4. Let y be k(0). Let j(z) = 4*z - 8. Let d(m) = f*w(m) + y*j(m). What is d(0)?
3
Suppose -20*y + 3 = -9*y - 8*y. Let l(h) = -9*h**2 + h - 2. What is l(y)?
-10
Suppose -1 = -y + 7. Let w(q) = -60*q + 20 - 64*q + q**2 - 24 + 115*q + 14. Determine w(y).
2
Let b(n) = -68082*n + 13 - n**2 - 11 + 68100*n + 16 + 12. Calculate b(19).
11
Let s(i) be the first derivative of -i**4/4 + 10*i**3/3 + 9*i**2/2 + 3*i - 2874. Calculate s(11).
-19
Let s(h) be the first derivative of -h**4/4 - 4*h**3/3 - h**2/2 + 3*h + 790. What is s(-3)?
-3
Suppose 10*s - 10 - 160 = 0. Suppose 0 = -b + s*b. Let m(q) = q**3 - q + 25. Calculate m(b).
25
Let v(a) = -a**2 + 11*a - 2. Let r(n) = 2*n**2 - 23*n + 4. Let x(h) = -4*r(h) - 9*v(h). Let t be 0/2 + -3 - (93 + -104). Calculate x(t).
10
Let s(k) = 97*k**3 - k**2 + 166*k + 48. Let t(v) = -6*v**3 - 10*v - 3. Let d(g) = -2*s(g) - 33*t(g). Calculate d(-2).
-17
Let k(x) = 29*x - 3. Let g be (-3)/((-7)/(-1)*18/(-42)). Determine k(g).
26
Let d(k) = -4*k**2 + k - 2. Let i(r) = -r**3 + 23*r**2 + 47*r - 3. Let s be i(-2). Give d(s).
-35
Suppose -84*h = 150*h - 274*h. Let o(d) be the third derivative of 0*d - 5/24*d**4 + h - d**3 + 2/15*d**5 - 1/120*d**6 - 15*d**2. Calculate o(7).
8
Let w(g) = g**2 - 11*g - 16. Suppose s + 4*d - 48 = 0, -176 + 54 = -4*s - 2*d. Suppose 3*u = 3*k - 18, 23*k + 80 = s*k + 5*u. Calculate w(k).
-16
Let t be (1 + 0 - 4) + 14. Let p = -14 + t. Let q be (-1 - 7) + (1 - p). Let r(d) = d**3 + 5*d**2 + 5*d + 1. What is r(q)?
-3
Let b = -474 + 980. Let t = -508 + b. Let h(w) = -8*w**2 - 7*w - 1. Let v(m) = 9*m**2 + 8*m + 1. Let o(u) = -7*h(u) - 6*v(u). Calculate o(t).
7
Let r(p) be the first derivative of p**2 + 3 + 5*p - 1/3*p**3. What is r(4)?
-3
Let t be ((-10)/3)/((-21)/((-441)/(-14))). Let m(l) = -l**2 + 3 - 5*l**2 - t*l**2 + 12*l**2 - 8*l. Determine m(7).
-4
Let n(l) be the first derivative of -4*l**3/3 + 9*l + 1469. Give n(0).
9
Let j = 27 - 27. Suppose n = -2*u - j*n + 29, 41 = 2*u - 3*n. Let h be (-4)/(-6)*(-48)/u. Let y(o) = -2*o + 1. Calculate y(h).
5
Let k(i) = 10809 + i - 5406 - 5405. Calculate k(8).
6
Let s(v) be the first derivative of -v**4/4 + 5*v**3/3 + 3*v**2 - 8*v - 2866. Determine s(6).
-8
Let g(d) be the second derivative of d**4/6 - 8*d**3/3 + 3*d**2/2 + 10*d - 83. What is g(7)?
-11
Let a(l) = l**2 - 8. Suppose 35*k = 1860 - 1615. Determine a(k).
41
Let f(d) be the third derivative of -d**5/60 - 5*d**4/12 - 4*d**3/3 - 2*d**2. Suppose -425*i + 409*i - 84 = 28. What is f(i)?
13
Let d(q) = q**3 + 12 + 14*q**2 + 7 - 8 + 13*q. Let g be -1 + 57/(-5) - (-777)/(-1295). Determine d(g).
11
Let s(g) = -64*g + 1666. Let q be s(26). Let j(a) = -13*a + 2. What is j(q)?
-24
Suppose 4*y + 16 = -20. Let q(r) be the second derivative of r**3/6 + 2*r + 1207. Give q(y).
-9
Let y(u) = -18*u - 415. Let s(l) = -37*l - 898. Let g(d) = 3*s(d) - 7*y(d). Give g(-14).
1
Let k(h) = h**2 + 3*h - 3. Let a(l) = 3*l**2 + 123*l + 9. Let p be a(-41). Suppose 5*t = -10, -p = -c + 2*t - 8. Calculate k(c).
-3
Let f(q) be the first derivative of q**3/3 - 3*q**2/2 + 6*q - 41. Suppose -3*h - 12 = 0, g + 2*h + 0 = -4. What is f(g)?
10
Let n(y) be the second derivative of 127*y + 1/3*y**4 + 2/3*y**3 + 0 + 2*y**2. Determine n(-3).
28
Let j(r) be the third derivative of 88*r**2 - 1/2*r**3 + 0 + 0*r + 1/12*r**4. Calculate j(2).
1
Suppose 135 = 17*u + 399 - 77. Let q(m) = -m**3 - 12*m**2 - 16*m - 16. Determine q(u).
39
Let n(h) = h + 5. Suppose 40*j + 51 = 23*j. Let q(s) = -s - 3. Let u(r) = j*n(r) - 4*q(r). What is u(-4)?
-7
Suppose -4*m = r + 61, 2*r = -2*m + 3*r - 29. Let t be (5/m)/((-3)/36). Suppose -t*a = -8 - 4. Let s(q) = -q**2 + 1. Give s(a).
-8
Let d(h) = 6*h + 185. Let k(p) = p - 157. Let m(u) = d(u) + 3*k(u). Determine m(33).
11
Let c(t) be the third derivative of -t**5/60 - t**4/3 - 2*t**3 + 35*t**2 - 7*t. What is c(-3)?
3
Let r(n) = -46*n**2 + 1. Suppose -x = 4*h + 9, h = 190*x - 186*x + 2. Give r(x).
-45
Let a(f) = -2*f**2 - 24*f - 44. Let m be a(-9). Let g(s) = 17*s - 41. Let t(u) = -8*u + 20. Let p(r) = -6*g(r) - 13*t(r). Give p(m).
6
Let k be (-41)/(-7) + 5/35. Suppose -8 = k*i - 8*i. Let w(q) = 2*q**2 - 3*q - 2. What is w(i)?
18
Let z(h) = 8*h - 2. Let g be 25/(-20)*2/(-5)*-6. Let t be (-1)/g*3*(-3 - -5). Give z(t).
14
Let r = -1250 - -1242. Let u(y) = -y**2 + 5*y + 90. Calculate u(r).
-14
Let u(y) be the second derivative of 11*y**3/6 + 13*y**2/2 + 3552*y. Give u(-5).
-42
Let f be (7 + (-308)/66)/((-21)/(-99)). Let z(y) = -y**2 + 5*y. Give z(f).
-66
Let y(m) = -m + 1. Let o(c) be the second derivative of c**4/6 + 4*c**3/3 - 5*c**2 + c - 5. Let t(l) = -o(l) - 6*y(l). What is t(-3)?
-8
Let d = -7 + 9. Let q(x) be the third derivative of x**5/20 + x**4/12 - x**3/3 + x**2 + 144. Give q(d).
14
Suppose -8*q = -12 - 4. Let z(p) = -q*p - 12*p**2 + 65 - 27 - 40. Give z(-1).
-12
Suppose -15 = -v - 2*v. Let c(d) be the third derivative of -16 - 1/120*d**6 + 0*d - d**2 + 1/2*d**3 + 1/15*d**5 + 1/4*d**4. Determine c(v).
8
Let y(k) = -k**2 - k - 1. Let w(x) = x**3 - x**2 + 2*x + 1. Let c be w(2). Let p = 11 - c. Suppose -z + p*i - 4 = z, 2 = -2*i. What is y(z)?
-7
Suppose 14*p - 10*p - 17 = -n, 4*p = 4*n - 8. Let a(w) = -3 - 17*w + 24*w - n*w. Determine a(2).
1
Let c be 108/(-8)*(3 + -1). Let d = c + 29. Let p(i) = -2 - 2*i + 5*i + 0*i - d*i. What is p(0)?
-2
Let h(u) = -u**2 + 0*u**2 + 2*u + 2 - 1. Let a(v) = v**3 + 9*v**2 + 6*v - 16. Let s be a(-6). Let g be ((-1)/2)/(s/(-336)). Calculate h(g).
-2
Let k(y) = -2*y**2 + 17*y - 10. Let q be k(7). Suppose -2*i + 8 = -2, 4*h + q = -i. Let t(c) = 3 - 31*c + 15*c + 2 + 19*c. What is t(h)?
-7
Let j(u) = -u**2 + 5*u + 2. Let i(x) be the third derivative of 2*x**5/15 + x**4/6 + x**3/3 + 17*x**2 + 1. Let y be i(-1). Give j(y).
-4
Let z(r) = -r**2 - 7*r. Let m be z(-5). Suppose -42 = -16*s + m*s. Let y(a) = -2*a**3 + 14*a**2. What is y(s)?
0
Let f(w) = -2*w**2 - 8*w - 7. Let m(y) = 6*y**2 + 25*y + 22. Let q(o) = -7*f(o) - 2*m(o). Let r(t) = 0 + 14 + 5*t - 1 + 8. Let v be r(-5). Calculate q(v).
13
Let b(j) = 3*j - 7. Suppose 9*o = o + 16. Let s(l) = 7*l - 15. Let u(y) = o*s(y) - 5*b(y). Determine u(4).
1
Suppose 8 = -o - o - 4*m, 4*m = -4*o. Let p = o - -2. Let z(f) = -5*f + f + p*f + 1. Determine z(-3).
-5
Let g be 69/(-3312)*36*(-2 + 0)*2. Let q(n) be the second derivative of -n**4/12 - n**3/3 - n**2/2 - 2*n. Give q(g).
-16
Let b(t) be the third derivative of -t**5/15 + 5*t**4/12 - 5*t**3/3 + 2268*t**2. Calculate b(6).
-94
Let s(o) = 336 - 314 - 3*o + 10*o + 6*o - 2*o. Give s(-2).
0
Suppose 28 = -7*k + 3*k. Let s(v) = 158*v**2 + 6 - 159*v**2 - 5 + 3 - 4*v. What is s(k)?
-17
Let k(f) = -f - 3. Let g(v) = 10*v + 193. Let y(h) = -h**2 + 33*h - 110. Let z be y(30). Let x be g(z). Calculate k(x).
4
Let q(n) be the first derivative of n**5/20 + n**4 - 7*n**3/3 - 8*n**2 + 52*n + 12. 